at is the highest common divisor of 1754628 and 1314?
438
What is the greatest common divisor of 2240 and 826?
14
What is the greatest common divisor of 69 and 753?
3
What is the greatest common divisor of 488 and 610?
122
Calculate the highest common factor of 24530 and 2860.
110
What is the highest common divisor of 2136 and 968?
8
What is the highest common divisor of 240 and 595740?
60
What is the highest common divisor of 43194 and 414?
138
What is the greatest common divisor of 9 and 89751?
3
Calculate the highest common divisor of 15 and 253815.
15
Calculate the greatest common factor of 1821099 and 21.
21
Calculate the greatest common factor of 187044 and 1482.
78
What is the greatest common factor of 2136129 and 807?
807
Calculate the greatest common factor of 1340 and 5840.
20
What is the highest common factor of 486656 and 1344?
64
Calculate the greatest common factor of 80 and 32816.
16
Calculate the greatest common divisor of 769527 and 528.
33
Calculate the greatest common divisor of 186075 and 225.
225
What is the highest common factor of 25220 and 130?
130
What is the highest common divisor of 5959 and 9617?
59
Calculate the highest common factor of 3407718 and 68.
34
What is the greatest common factor of 2466 and 594?
18
Calculate the highest common factor of 81521 and 22.
11
What is the greatest common divisor of 1330 and 66990?
70
What is the greatest common divisor of 7367 and 53?
53
What is the highest common divisor of 861 and 5943?
21
Calculate the greatest common factor of 2408 and 7912.
344
Calculate the greatest common factor of 972 and 6642.
162
What is the highest common divisor of 252056 and 16?
8
Calculate the highest common divisor of 400094 and 2008.
502
What is the highest common factor of 3222 and 366?
6
Calculate the highest common factor of 1182 and 1642389.
591
What is the highest common factor of 1508 and 6812?
52
What is the highest common factor of 17910 and 1638?
18
What is the highest common divisor of 1050 and 3050?
50
What is the greatest common divisor of 5 and 16955?
5
What is the highest common factor of 10926 and 90?
18
Calculate the highest common factor of 60270 and 88200.
1470
What is the highest common divisor of 2047854 and 13872?
1734
What is the highest common divisor of 44 and 172084?
44
What is the highest common factor of 199196 and 1786?
38
What is the highest common divisor of 3384 and 17694?
18
What is the greatest common factor of 5848 and 54008?
344
Calculate the greatest common factor of 1503490 and 1198.
1198
What is the greatest common divisor of 1494531 and 324?
81
What is the greatest common factor of 32968 and 8559?
317
What is the highest common factor of 3657 and 19941?
69
Calculate the greatest common divisor of 25 and 217325.
25
What is the highest common factor of 90 and 109602?
18
Calculate the greatest common factor of 3709 and 11.
1
What is the highest common factor of 349 and 3470805?
349
What is the greatest common divisor of 472 and 94931?
59
What is the greatest common factor of 120 and 58620?
60
Calculate the highest common factor of 216 and 1056996.
108
Calculate the highest common divisor of 54 and 7782.
6
What is the greatest common factor of 20824400 and 400?
400
Calculate the greatest common factor of 82685 and 28041.
719
What is the highest common divisor of 872 and 404?
4
What is the greatest common divisor of 6439 and 32?
1
Calculate the highest common factor of 16352 and 1652.
28
What is the highest common factor of 13 and 385255?
13
Calculate the highest common factor of 10 and 1367.
1
What is the greatest common factor of 384 and 947712?
384
What is the greatest common divisor of 54063 and 93?
3
What is the greatest common factor of 52 and 217815?
13
What is the greatest common divisor of 6114 and 12?
6
What is the greatest common factor of 1359369 and 115?
23
What is the greatest common divisor of 6 and 20138?
2
Calculate the highest common factor of 57712 and 80.
16
Calculate the greatest common factor of 9211 and 793.
61
Calculate the greatest common divisor of 9 and 7736868.
9
Calculate the greatest common factor of 4802 and 1106.
14
Calculate the highest common factor of 16 and 420.
4
Calculate the greatest common divisor of 235 and 318754.
47
What is the highest common factor of 152 and 800?
8
What is the greatest common factor of 11613 and 66123?
237
Calculate the highest common factor of 9570 and 1870.
110
What is the highest common divisor of 49151 and 92?
23
What is the highest common divisor of 3 and 1685181?
3
What is the highest common factor of 10 and 22202890?
10
Calculate the highest common factor of 11583 and 8208.
27
What is the greatest common factor of 18029 and 15972?
121
What is the highest common factor of 7840 and 2080?
160
Calculate the greatest common divisor of 40859 and 364.
91
What is the greatest common factor of 63701 and 44?
11
What is the highest common factor of 84 and 7483?
7
What is the greatest common divisor of 4 and 514025?
1
Calculate the highest common divisor of 52 and 618.
2
Calculate the highest common factor of 803 and 236447.
73
What is the highest common divisor of 16 and 79004?
4
Calculate the greatest common factor of 18 and 25362.
18
Calculate the highest common divisor of 13872 and 112.
16
What is the greatest common divisor of 172 and 33325?
43
What is the highest common factor of 11217744 and 414?
414
What is the greatest common factor of 49896 and 4312?
616
What is the greatest common divisor of 120 and 343020?
60
Calculate the greatest common divisor of 59401 and 2101.
191
Calculate the greatest common divisor of 838 and 432827.
419
What is the greatest common divisor of 135223 and 1045?
209
Calculate the highest common factor of 5474 and 5842.
46
What is the greatest common factor of 50398 and 6?
2
What is the greatest common factor of 272544 and 1168?
16
Calculate the greatest common divisor of 190 and 60002.
38
Calculate the greatest common divisor of 19126 and 2.
2
Calculate the greatest common divisor of 592 and 267584.
592
Calculate the greatest common factor of 3550 and 11175.
25
Calculate the highest common factor of 2431 and 290433.
143
Calculate the greatest common divisor of 6641 and 27173.
29
Calculate the greatest common factor of 7360 and 713.
23
Calculate the highest common divisor of 2466 and 52882.
274
Calculate the highest common divisor of 630 and 688212.
126
Calculate the highest common factor of 3172 and 781105.
793
What is the highest common factor of 4263 and 54243?
147
Calculate the highest common factor of 396 and 16641.
9
Calculate the greatest common factor of 737519 and 73.
73
What is the greatest common factor of 10451 and 119?
7
Calculate the highest common divisor of 29756 and 1290.
86
Calculate the greatest common factor of 27288 and 216.
72
What is the greatest common factor of 74365 and 15290?
695
What is the greatest common factor of 339 and 1357017?
339
Calculate the highest common divisor of 151632 and 1134.
162
What is the greatest common factor of 243177 and 319?
11
Calculate the highest common divisor of 5472 and 30609.
171
What is the greatest common divisor of 201385 and 5?
5
Calculate the highest common factor of 5660 and 3620.
20
What is the highest common factor of 161 and 58625?
7
What is the highest common divisor of 627 and 3534?
57
Calculate the greatest common divisor of 490585 and 295.
295
What is the highest common factor of 37403 and 1324?
331
Calculate the greatest common divisor of 21 and 504147.
21
What is the highest common factor of 451440 and 1152?
144
What is the greatest common divisor of 1260 and 1702440?
180
What is the highest common factor of 64463 and 14?
7
Calculate the greatest common divisor of 234635 and 2171.
167
What is the highest common factor of 862940 and 390?
130
Calculate the highest common factor of 1134 and 27978.
6
What is the greatest common divisor of 1998 and 31962?
6
What is the highest common divisor of 1130 and 419795?
565
Calculate the highest common factor of 690 and 7290.
30
What is the greatest common factor of 39975 and 149773?
533
What is the highest common divisor of 1502 and 96?
2
Calculate the highest common factor of 161355 and 300.
15
What is the highest common divisor of 115713 and 18?
9
Calculat